
{"id":2,"date":"2024-07-23T13:23:49","date_gmt":"2024-07-23T11:23:49","guid":{"rendered":"https:\/\/www.biroma.it\/?page_id=2"},"modified":"2026-03-11T12:20:27","modified_gmt":"2026-03-11T11:20:27","slug":"cose-e-come-si-acquista","status":"publish","type":"page","link":"https:\/\/www.biroma.it\/index.php\/cose-e-come-si-acquista\/","title":{"rendered":"Cos&#8217;\u00e8 e come si acquista"},"content":{"rendered":"<div class=\"fusion-fullwidth fullwidth-box fusion-builder-row-1 fusion-flex-container nonhundred-percent-fullwidth non-hundred-percent-height-scrolling\" style=\"--awb-border-radius-top-left:0px;--awb-border-radius-top-right:0px;--awb-border-radius-bottom-right:0px;--awb-border-radius-bottom-left:0px;--awb-flex-wrap:wrap;\" ><div class=\"fusion-builder-row fusion-row fusion-flex-align-items-flex-start fusion-flex-content-wrap\" style=\"max-width:1248px;margin-left: calc(-4% \/ 2 );margin-right: calc(-4% \/ 2 );\"><div class=\"fusion-layout-column fusion_builder_column fusion-builder-column-0 fusion_builder_column_1_1 1_1 fusion-flex-column\" style=\"--awb-bg-size:cover;--awb-width-large:100%;--awb-margin-top-large:0px;--awb-spacing-right-large:1.92%;--awb-margin-bottom-large:0px;--awb-spacing-left-large:1.92%;--awb-width-medium:100%;--awb-spacing-right-medium:1.92%;--awb-spacing-left-medium:1.92%;--awb-width-small:100%;--awb-spacing-right-small:1.92%;--awb-spacing-left-small:1.92%;\"><div class=\"fusion-column-wrapper fusion-flex-justify-content-flex-start fusion-content-layout-column\"><div class=\"fusion-text fusion-text-1\"><h5><span style=\"color: #808080;\">Il <strong>LISTINO UFFICIALE<\/strong>\u00a0della\u00a0<strong>Borsa Immobiliare di Roma<\/strong> \u00e8 il risultato dell&#8217;attivit\u00e0 di indagine statistica e di rilevamento, svolta per la formazione delle quotazioni immobiliari correnti dell&#8217;area romana. Riporta (con archivio disponibile dal 1989) i valori per metro quadro commerciale per tipologia e zona, sia per la compravendita che per la locazione.<\/span><br \/><span style=\"color: #808080;\">Trattandosi di quotazioni le stesse devono essere analizzate e adeguate sulla base di parametri incrementativi e decrementativi da parte di un professionista per giungere al prezzo che \u00e8 il pi\u00f9 probabile valore finale di compravendita o locazione di un immobile.\u00a0<\/span><\/p>\n<p><strong><a href=\"https:\/\/www.borsaimmobiliare.roma.it\/registrazione.php\">Clicca per registrarti e acquistare il\u00a0Listino Ufficiale della Borsa Immobiliare di Roma<\/a><\/strong><\/p>\n<p><span style=\"color: #808080;\">Per l&#8217;applicazione delle Quotazioni fare riferimento alle Indicazioni e Avvertenze (file pdf da scaricare, in basso).<\/span><br \/><a href=\"https:\/\/biroma.it\/wp-content\/uploads\/2025\/01\/Indicazioni-e-Avvertenze-Listino-Ufficiale-BIR.pdf\">Indicazioni e Avvertenze &#8211; Listino Ufficiale BIR<\/a><\/h5>\n<h5><strong><a href=\"https:\/\/www.borsaimmobiliare.roma.it\/listino_login.php\">ACCEDI AL LISTINO<\/a><\/strong><\/h5>\n<h5>Disponibilit\u00e0:<\/h5>\n<ul>\n<li>abbonamento annuale (versione cartacea e online, due numeri a \u20ac60, in uscita inizio marzo e inizio settembre di ogni anno);<\/li>\n<li>singola edizione (copia cartacea e online, \u20ac40);<\/li>\n<li>abbonamento arretrato (\u20ac80);<\/li>\n<li>arretrato completo (\u20ac48);<\/li>\n<li>arretrato estratto di zona (\u20ac36)<\/li>\n<\/ul>\n<p><span style=\"font-size: 16px;\">Spese di spedizione: \u20ac 10,00 (i.i.) per ogni acquisto anche multiplo (non applicate per ritiro in sede).<\/span><\/p>\n<p>CONVENZIONI ATTIVE (spese di spedizione da calcolare a parte)<\/p>\n<ul>\n<li>ORDINE INGEGNERI corrente \u20ac30, abbonamento \u20ac45<\/li>\n<li>ORDINE ARCHITETTI corrente \u20ac30, abbonamento \u20ac45<\/li>\n<li>COLLEGIO GEOMETRI ROMA corrente \u20ac30, abbonamento \u20ac45<\/li>\n<li>AGENTI ACCREDITATI BORSA IMMOBILIARE DI ROMA gratuito<\/li>\n<li>AGENTI ACCREDITATI ALTRE BORSE IMMOBILIARI corrente \u20ac20, abbonamento \u20ac30<\/li>\n<\/ul>\n<h5><span style=\"color: #808080;\">La pubblicazione \u00e8 distribuita presso la sede della Borsa Immobiliare di Roma, Viale delle Terme di Caracalla, 69\/71 (angolo Vicolo Antoniniano &#8211; parcheggio interno) &#8211; 00153 Roma, dal luned\u00ec al venerd\u00ec dalle ore 9.00 alle ore 17.30; \u00e8 inoltre in vendita (per il solo numero corrente)\u00a0presso librerie convenzionate:<\/span><\/h5>\n<ul>\n<li>\n<h5><span style=\"color: #808080;\">Libreria Buzzoli dei Fratelli Petrelli Snc Via Merulana, 97 &#8211; 00185 Roma &#8211; Tel. 06 70495516<\/span><\/h5>\n<\/li>\n<li>\n<h5><span style=\"color: #808080;\">Libreria Efesto\u00a0Via Corrado Segre, 11 &#8211; 00146 Roma &#8211; Tel. 06 5593548<\/span><\/h5>\n<\/li>\n<li>\n<h5><span style=\"color: #808080;\">Medichini Clodio Srl\u00a0 Piazzale Clodio, 26 &#8211; 00195 Roma &#8211; Tel. 06 39741182<\/span><\/h5>\n<\/li>\n<li>\n<h5><span style=\"color: #808080;\">Medichini Srl\u00a0 Via Marcantonio Colonna, 68 &#8211; 00192 Roma &#8211; Tel. 06 3216641<\/span><\/h5>\n<\/li>\n<\/ul>\n<\/div><\/div><\/div><\/div><\/div>","protected":false},"excerpt":{"rendered":"","protected":false},"author":1,"featured_media":0,"parent":0,"menu_order":0,"comment_status":"closed","ping_status":"open","template":"","meta":{"footnotes":""},"class_list":["post-2","page","type-page","status-publish","hentry"],"_links":{"self":[{"href":"https:\/\/www.biroma.it\/index.php\/wp-json\/wp\/v2\/pages\/2","targetHints":{"allow":["GET"]}}],"collection":[{"href":"https:\/\/www.biroma.it\/index.php\/wp-json\/wp\/v2\/pages"}],"about":[{"href":"https:\/\/www.biroma.it\/index.php\/wp-json\/wp\/v2\/types\/page"}],"author":[{"embeddable":true,"href":"https:\/\/www.biroma.it\/index.php\/wp-json\/wp\/v2\/users\/1"}],"replies":[{"embeddable":true,"href":"https:\/\/www.biroma.it\/index.php\/wp-json\/wp\/v2\/comments?post=2"}],"version-history":[{"count":19,"href":"https:\/\/www.biroma.it\/index.php\/wp-json\/wp\/v2\/pages\/2\/revisions"}],"predecessor-version":[{"id":888,"href":"https:\/\/www.biroma.it\/index.php\/wp-json\/wp\/v2\/pages\/2\/revisions\/888"}],"wp:attachment":[{"href":"https:\/\/www.biroma.it\/index.php\/wp-json\/wp\/v2\/media?parent=2"}],"curies":[{"name":"wp","href":"https:\/\/api.w.org\/{rel}","templated":true}]}}